e 15
-a4
What is -4 (base 8) in base 4?
-10
-105 (base 11) to base 3
-11200
Convert -10 (base 5) to base 16.
-5
221 (base 3) to base 4
121
What is -101 (base 6) in base 16?
-25
Convert -3 (base 6) to base 7.
-3
-1111 (base 4) to base 13
-67
Convert -1121 (base 3) to base 12.
-37
What is 10 (base 9) in base 13?
9
-c (base 13) to base 6
-20
What is -2 (base 3) in base 11?
-2
What is 2 (base 9) in base 11?
2
Convert 156 (base 7) to base 2.
1011010
What is -11 (base 14) in base 12?
-13
Convert 22 (base 4) to base 14.
a
363 (base 9) to base 14
176
What is 50 (base 9) in base 16?
2d
Convert -11110 (base 2) to base 8.
-36
What is -23 (base 14) in base 16?
-1f
Convert -3 (base 15) to base 14.
-3
Convert 1 (base 10) to base 13.
1
What is 4 (base 10) in base 3?
11
What is 52 (base 6) in base 13?
26
Convert 1 (base 14) to base 13.
1
What is -26 (base 13) in base 15?
-22
11 (base 6) to base 10
7
What is -1111100 (base 2) in base 7?
-235
Convert 100101 (base 2) to base 3.
1101
What is 3 (base 16) in base 3?
10
Convert 423 (base 8) to base 7.
542
Convert -1 (base 11) to base 8.
-1
2 (base 9) to base 12
2
What is 244 (base 5) in base 3?
2202
0 (base 4) to base 12
0
34 (base 13) to base 9
47
Convert -dc (base 16) to base 4.
-3130
What is -2 (base 9) in base 5?
-2
What is -1 (base 4) in base 14?
-1
What is 302 (base 4) in base 2?
110010
2 (base 12) to base 16
2
-9 (base 13) to base 6
-13
What is 24 (base 5) in base 10?
14
Convert 1 (base 2) to base 10.
1
-189 (base 15) to base 13
-213
5 (base 7) to base 13
5
Convert 16 (base 13) to base 7.
25
What is e (base 15) in base 14?
10
-57 (base 9) to base 11
-48
What is 3 (base 14) in base 6?
3
What is 0 (base 15) in base 3?
0
-15 (base 8) to base 14
-d
158 (base 10) to base 8
236
Convert -45 (base 6) to base 2.
-11101
Convert -28 (base 9) to base 3.
-222
-13 (base 14) to base 9
-18
-9 (base 10) to base 9
-10
-41 (base 5) to base 11
-1a
-1 (base 15) to base 9
-1
-161 (base 9) to base 13
-a6
What is -2 (base 4) in base 15?
-2
What is 2134 (base 5) in base 12?
206
What is 1d (base 15) in base 8?
34
1 (base 4) to base 6
1
What is 5 (base 15) in base 8?
5
Convert -4 (base 13) to base 2.
-100
Convert -8 (base 14) to base 6.
-12
-1 (base 3) to base 7
-1
What is -5 (base 7) in base 11?
-5
Convert -16 (base 8) to base 14.
-10
1 (base 7) to base 14
1
Convert -451 (base 7) to base 3.
-22121
2 (base 5) to base 7
2
0 (base 10) to base 13
0
-2000 (base 3) to base 12
-46
Convert 1151 (base 6) to base 5.
2113
Convert 1 (base 5) to base 9.
1
Convert 22 (base 3) to base 16.
8
Convert bd (base 16) to base 6.
513
What is 1 (base 6) in base 15?
1
What is 11221 (base 3) in base 13?
a3
1 (base 10) to base 9
1
What is -7 (base 12) in base 3?
-21
Convert 100110 (base 2) to base 12.
32
-3 (base 9) to base 14
-3
11 (base 6) to base 11
7
-11 (base 7) to base 3
-22
What is 10 (base 4) in base 10?
4
154 (base 6) to base 15
4a
What is -20 (base 12) in base 11?
-22
-1a0 (base 13) to base 9
-362
Convert 0 (base 14) to base 2.
0
-1 (base 7) to base 9
-1
What is 10 (base 8) in base 3?
22
-13 (base 15) to base 2
-10010
23 (base 4) to base 2
1011
Convert -100 (base 2) to base 11.
-4
0 (base 10) to base 11
0
Convert a (base 12) to base 10.
10
-10 (base 14) to base 3
-112
-201 (base 4) to base 2
-100001
Convert -3 (base 7) to base 4.
-3
-131 (base 4) to base 12
-25
-3 (base 4) to base 11
-3
Convert -a8 (base 14) to base 6.
-404
2120 (base 4) to base 16
98
What is -11 (base 4) in base 6?
-5
2 (base 9) to base 8
2
50 (base 6) to base 5
110
What is -1 (base 7) in base 3?
-1
Convert 1 (base 8) to base 4.
1
Convert 5 (base 14) to base 2.
101
11 (base 2) to base 4
3
Convert 14 (base 5) to base 9.
10
Convert -7 (base 15) to base 10.
-7
51 (base 6) to base 4
133
What is -3 (base 7) in base 13?
-3
116 (base 7) to base 4
332
Convert -1 (base 13) to base 11.
-1
31 (base 4) to base 8
15
What is -41 (base 7) in base 3?
-1002
Convert 13 (base 13) to base 8.
20
Convert 3 (base 14) to base 12.
3
Convert -5 (base 16) to base 6.
-5
1 (base 3) to base 14
1
What is -223 (base 5) in base 13?
-4b
1 (base 6) to base 12
1
Convert 1102 (base 4) to base 10.
82
What is -26 (base 15) in base 8?
-44
What is -132 (base 5) in base 13?
-33
-3211 (base 4) to base 10
-229
6 (base 15) to base 2
110
-120 (base 3) to base 12
-13
-3 (base 13) to base 8
-3
Convert -1134 (base 5) to base 15.
-b4
-3 (base 4) to base 10
-3
What is 3 (base 7) in base 2?
11
What is 30 (base 5) in base 14?
11
What is 209 (base 12) in base 6?
1213
Convert -1003 (base 4) to base 11.
-61
What is 5 (base 10) in base 14?
5
Convert -14 (base 8) to base 9.
-13
What is -1 (base 7) in base 6?
-1
-3 (base 14) to base 6
-3
Convert 11100 (base 2) to base 14.
20
-4 (base 16) to base 10
-4
Convert -3 (base 14) to base 3.
-10
Convert -4 (base 5) to base 12.
-4
-10 (base 11) to base 10
-11
Convert 5 (base 9) to base 11.
5
Convert 4 (base 9) to base 16.
4
What is 5 (base 12) in base 10?
5
-14 (base 16) to base 11
-19
-a8 (base 13) to base 3
-12010
-7 (base 10) to base 14
-7
41 (base 6) to base 10
25
9 (base 11) to base 2
1001
1 (base 13) to base 2
1
Convert 3 (base 15) to base 16.
3
What is 244 (base 8) in base 2?
10100100
-2 (base 3) to base 8
-2
What is -28 (base 9) in base 13?
-20
What is 11 (base 6) in base 7?
10
What is 4 (base 11) in base 2?
100
Convert a (base 15) to base 3.
101
-1a (base 14) to base 15
-19
Convert -13 (base 6) to base 5.
-14
Convert -13 (base 12) to base 3.
-120
What is 1 (base 13) in base 2?
1
What is b (base 12) in base 9?
12
1 (base 10) to base 8
1
111 (base 6) to base 14
31
Convert 27 (base 16) to base 5.
124
What is -3 (base 4) in base 8?
-3
Convert -121 (base 3) to base 5.
-31
What is 1b (base 15) in base 10?
26
What is 7 (base 15) in base 16?
7
What is 5 (base 6) in base 5?
10
What is -22 (base 4) in base 3?
-101
Convert 3 (base 6) to base 16.
3
What is ab (base 14) in base 13?
b8
2 (base 3) to base 2
10
What is -13 (base 14) in base 7?
-23
Convert -34 (base 9) to base 4.
-133
What is 31 (base 5) in base 6?
24
What is 21 (base 3) in base 2?
111
Convert -65 (base 11) to base 2.
-1000111
What is -30 (base 7) in base 2?
-10101
What is -121 (base 6) in base 12?
-41
74 (base 16) to base 4
1310
-100111001 (base 2) to base 9
-377
-23 (base 4) to base 10
-11
Convert 49 (base 16) to base 9.
81
Convert 6 (base 7) to base 8.
6
What is 0 (base 11) in base 14?
0
-13 (base 13) to base 6
-24
What is -123 (base 4) in base 3?
-1000
What is -36 (base 7) in base 3?
-1000
Convert -96 (base 12) to base 3.
-11020
Convert -11 (base 10) to base 3.
-102
What is 3 (base 4) in base 10?
3
Convert 10 (base 12) to base 11.
11
Convert 363 (base 8) to base 3.
100000
What is 3 (base 7) in base 15?
3
Convert -1010 (base 3) to base 14.
-22
Convert -46 (base 7) to base 11.
-31
Convert a7 (base 11) to base 8.
165
What is -1 (base 14) in base 12?
-1
Convert 50 (base 7) to base 16.
23
-140 (base 6) to base 15
-40
Convert 3 (base 8) to base 4.
3
Convert a (base 12) to base 6.
14
Convert -12 (base 13) to base 10.
-15
Convert 100000111 (base 2) to base 10.
263
-3 (base 8) to base 2
-11
Convert 49 (base 13) to base 5.
221
Convert 61 (base 9) to base 11.
50
Convert 9 (base 12) to base 4.
21
Convert 75 (base 9) to base 14.
4c
What is -14 (base 13) in base 15?
-12
What is 8 (base 12) in base 2?
1000
1001011 (base 2) to base 11
69
-9 (base 13) to base 8
-11
Convert 20 (base 14) to base 7.
40
77 (base 15) to base 8
160
Convert -110 (base 5) to base 9.
-33
What is 1 (base 7) in base 8?
1
What is 465 (base 9) in base 6?
1435
31 (base 10) to base 9
34
Convert -85 (base 16) to base 9.
-157
Convert 0 (base 7) to base 4.
0
-10110 (base 2) to base 8
-26
Convert 53 (base 7) to base 13.
2c
0 (base 11) to base 4
0
What is -1d (base 15) in base 6?
-44
Convert -13 (base 5) to base 12.
-8
Convert -3c (base 15) to base 2.
-111001
What is 8 (base 10) in base 8?
10
What is -10011001 (base 2) in base 14?
-ad
Convert 2 (base 3) to base 8.
2
What is 2101 (base 4) in base 15?
9a
What is 3 (base 7) in base 5?
3
31 (base 15) to base 9
51
What is 32 (base 4) in base 14?
10
-134 (base 5) to base 4
-230
0 (base 11) to base 4
0
3 (base 14) to base 9
3
Convert 53 (base 14) to base 11.
67
What is 2 (base 10) in base 14?
2
-10 (base 12) to base 9
-13
-b (base 14) to base 